ltiple of 502?
False
Is 269472 a multiple of 112?
True
Is 14 a factor of 498638?
True
Is 2379860 a multiple of 191?
True
Does 99 divide 804969?
True
Does 25 divide 8780761?
False
Does 95 divide 1029011?
False
Does 18 divide 12364792?
False
Is 980 a factor of 3013082?
False
Is 252 a factor of 42084?
True
Is 15008416 a multiple of 752?
True
Is 7 a factor of 5573046?
False
Is 69591 a multiple of 45?
False
Is 63 a factor of 808479?
True
Is 25 a factor of 110964?
False
Does 20 divide 601349?
False
Is 5063979 a multiple of 237?
True
Is 24 a factor of 1691256?
True
Is 1084979 a multiple of 47?
False
Does 45 divide 6035805?
True
Does 134 divide 14117161?
False
Is 64080 a multiple of 16?
True
Is 31160 a multiple of 152?
True
Is 38785 a multiple of 50?
False
Does 1495 divide 6919762?
False
Is 1550 a factor of 16467200?
True
Is 14 a factor of 8745792?
False
Is 13 a factor of 390546?
True
Is 194 a factor of 371704?
True
Is 220099 a multiple of 121?
True
Is 358320 a multiple of 12?
True
Is 1673605 a multiple of 206?
False
Is 18 a factor of 358632?
True
Is 210532 a multiple of 206?
True
Is 328 a factor of 119064?
True
Is 1059 a factor of 14475471?
True
Is 72 a factor of 90068?
False
Is 1052198 a multiple of 17?
True
Is 32 a factor of 7584?
True
Does 57 divide 783341?
False
Is 56 a factor of 1123864?
True
Is 270844 a multiple of 68?
True
Does 2 divide 84046?
True
Is 79 a factor of 484665?
True
Is 51 a factor of 1196978?
False
Is 88585 a multiple of 3?
False
Is 574678 a multiple of 13?
True
Is 13 a factor of 117123?
False
Is 372960 a multiple of 96?
True
Does 64 divide 22464?
True
Is 414230 a multiple of 1028?
False
Is 44 a factor of 227084?
True
Does 59 divide 405287?
False
Is 6729 even?
False
Is 148324 a multiple of 18?
False
Is 63 a factor of 134119?
False
Does 1479 divide 6656415?
False
Is 2896062 a multiple of 13?
True
Is 290290 a multiple of 35?
True
Is 15011285 a multiple of 11?
False
Does 1199 divide 12518970?
False
Is 187853 a multiple of 88?
False
Is 228 a factor of 117648?
True
Does 10 divide 1458543?
False
Does 182 divide 12442976?
True
Is 1096185 a multiple of 2174?
False
Does 60 divide 12475?
False
Is 238 a factor of 74974?
False
Is 3895526 a multiple of 60?
False
Is 16 a factor of 5920?
True
Is 85082 a multiple of 38?
True
Is 18 a factor of 15812280?
True
Is 142896 a multiple of 104?
True
Is 10 a factor of 7890373?
False
Does 34 divide 2668354?
True
Does 39 divide 268601?
False
Is 334642 a multiple of 451?
True
Is 142 a factor of 253318?
False
Is 450 a factor of 250200?
True
Is 9719298 a multiple of 660?
False
Does 125 divide 593454?
False
Is 12 a factor of 96?
True
Is 1511568 a multiple of 91?
False
Does 7 divide 561950?
False
Is 36918 a multiple of 6?
True
Is 137 a factor of 36030?
False
Is 273 a factor of 75095?
False
Is 69044 a multiple of 21?
False
Does 17 divide 10831635?
True
Is 32 a factor of 122176?
True
Is 93548 a multiple of 14?
True
Is 643 a factor of 65407?
False
Does 1247 divide 1865809?
False
Is 233 a factor of 1187135?
True
Is 63 a factor of 18729?
False
Does 173 divide 158594?
False
Does 161 divide 278691?
True
Does 13 divide 15262?
True
Does 172 divide 385280?
True
Is 99 a factor of 177012?
True
Is 1653513 a multiple of 57?
True
Does 107 divide 437249?
False
Does 40 divide 85933?
False
Is 6 a factor of 68688?
True
Does 28 divide 181511?
False
Is 3099730 a multiple of 475?
False
Does 103 divide 430128?
True
Does 2 divide 520699?
False
Is 429 a factor of 77474?
False
Is 230178 a multiple of 26?
True
Is 180843 a multiple of 6?
False
Does 21 divide 192150?
True
Is 573 a factor of 3573801?
True
Is 85 a factor of 1455595?
False
Does 88 divide 4426709?
False
Is 63 a factor of 7246953?
True
Does 316 divide 240160?
True
Does 951 divide 2988415?
False
Is 692125 a multiple of 113?
True
Is 950876 a multiple of 7?
False
Is 6286409 a multiple of 769?
False
Is 79419 a multiple of 26?
False
Does 43 divide 2718123?
False
Is 10 a factor of 3180260?
True
Is 27568 a multiple of 8?
True
Is 37 a factor of 1593806?
False
Does 19 divide 695894?
True
Is 20 a factor of 50049?
False
Is 301149 a multiple of 133?
False
Is 20927 a multiple of 6?
False
Does 102 divide 59262?
True
Is 280140 a multiple of 28?
True
Is 46958 a multiple of 4?
False
Is 100 a factor of 549485?
False
Is 1483764 a multiple of 14?
False
Is 61 a factor of 72404?
False
Does 16 divide 134980?
False
Is 3054350 a multiple of 25?
True
Is 109 a factor of 677785?
False
Is 9 a factor of 7323?
False
Is 267489 a multiple of 20?
False
Does 26 divide 1408581?
False
Is 2758379 a multiple of 13?
True
Is 279 a factor of 669321?
True
Is 4 a factor of 178804?
True
Does 11 divide 196736?
False
Is 19 a factor of 2975172?
True
Is 540610 a multiple of 10?
True
Does 286 divide 485914?
True
Is 2 a factor of 54005?
False
Is 381 a factor of 15856077?
True
Does 59 divide 41949?
True
Is 4 a factor of 106851?
False
Is 9323176 a multiple of 89?
False
Is 185 a factor of 11100?
True
Does 8 divide 81769?
False
Is 136395 a multiple of 315?
True
Is 7 a factor of 7044?
False
Is 285 a factor of 191805?
True
Is 17 a factor of 6377720?
True
Is 2007040 a multiple of 980?
True
Does 372 divide 54684?
True
Is 262763 a multiple of 387?
False
Is 355810 a multiple of 230?
True
Is 4821651 a multiple of 77?
False
Is 26 a factor of 7448428?
True
Is 160 a factor of 208960?
True
Does 176 divide 475024?
True
Is 36057 even?
False
Is 10 a factor of 3963541?
False
Is 185340 a multiple of 55?
False
Does 1097 divide 672461?
True
Is 571895 a multiple of 3?
False
Is 96 a factor of 5745120?
True
Is 642 a factor of 18444215?
False
Does 66 divide 1856910?
True
Is 114587 a multiple of 28?
False
Does 28 divide 327682?
False
Is 385500 a multiple of 10?
True
Is 679563 a multiple of 27?
True
Does 106 divide 953894?
True
Is 56193 a multiple of 83?
False
Does 18 divide 36267?
False
Is 54757 a multiple of 15?
False
Is 3825360 a multiple of 90?
True
Does 50 divide 199550?
True
Does 15 divide 96570?
True
Does 416 divide 9564?
False
Does 31 divide 2516642?
True
Does 16 divide 3178062?
False
Is 528751 a multiple of 33?
False
Does 750 divide 19153500?
True
Does 100 divide 625749?
False
Does 16 divide 1184466?
False
Does 60 divide 75198?
False
Does 10 divide 335500?
True
Is 123 a factor of 15498?
True
Does 39 divide 506649?
True
Is 1631092 a multiple of 839?
False
Is 458656 a multiple of 176?
True
Is 9 a factor of 37089?
True
Is 334714 a multiple of 13?
False
Is 596 a factor of 547878?
False
Does 3 divide 682566?
True
Is 57 a factor of 636177?
True
Is 12 a factor of 190032?
True
Is 1500746 a multiple of 334?
False
Is 1223269 a multiple of 9?
False
Does 26 divide 274152?
False
Does 6 divide 77456?
False
Does 36 divide 9396?
True
Is 3735303 a multiple of 292?
False
Is 206307 a multiple of 243?
True
Does 997 divide 1476339?
False
Does 6 divide 489315?
False
Is 275058 a multiple of 1302?
False
Does 45 divide 51930?
True
Is 936 a factor of 12126308?
False
Is 1010 a factor of 516110?
True
Is 220 a factor of 102740?
True
Does 8 divide 1676643?
False
Does 400 divide 1584400?
True
Is 1855 a factor of 11968460?
True
Is 5752409 a multiple of 221?
True
Is 295442 a multiple of 14?
True
Is 491096 a multiple of 157?
True
Is 440906 a multiple of 45?
False
Is 15 a factor of 1209012?
False
Is 8213769 a multiple of 13?
False
Is 161 a factor of 155687?
True
Is 15345995 a multiple of 917?
True
Is 153 a factor of 1723610?
False
Is 57 a factor of 446994?
True
Does 229 divide 43471757?
True
Is 190 a factor of 176421?
False
Is 7 a factor of 22484?
True
Is 13 a factor of 397907?
False
Is 2478791 a multiple of 6?
False
Is 38792 a multiple of 261?
False
Does 38 divide 1270272?
False
Does 20 divide 58460?
True
Is 3004512 a multiple of 48?
True
Is 8876 a multiple of 14?
True
Is 164 a factor of 1986532?
True
Does 193 divide 22145172?
False
Is 5226 a multiple of 185?
False
Is 1609755 a multiple of 35?
True
Is 47 a factor of 106925?
True
Is 9 a factor of 3796411?
False
Does 23 divide 27140?
True
Is 2159570 a multiple of 24?
False
Does 8 divide 19480?
True
Does 48 divide 6304000?
False
Is 53 a factor of 47654?
False
Does 138 divide 102568?
False
Is 14 a factor of 16437?
False
Is 262 a factor of 95025?
False
Does 155 divide 6217515?
True
Is 312 a factor of 450453?
False
Is 53820 a multip